{"id":18,"date":"2022-10-03T22:20:52","date_gmt":"2022-10-03T20:20:52","guid":{"rendered":"http:\/\/lepennec.org\/martmites\/wordpress\/?page_id=18"},"modified":"2023-02-09T11:58:00","modified_gmt":"2023-02-09T10:58:00","slug":"residence-de-creation-artistique","status":"publish","type":"page","link":"http:\/\/lepennec.org\/martmites\/wordpress\/residence-de-creation-artistique\/","title":{"rendered":"R\u00e9sidence de cr\u00e9ation artistique"},"content":{"rendered":"\n<p><mark style=\"background-color:rgba(0, 0, 0, 0)\" class=\"has-inline-color has-vivid-red-color\"><strong>La mARTmite Nomade 22-23 <\/strong><\/mark><\/p>\n\n\n\n<p>Rencontres spectaculaires en itin\u00e9rance dans les Alpesde Haute Provence<\/p>\n\n\n\n<p><strong>APPEL \u00c0 CANDIDATURES<\/strong><\/p>\n\n\n\n<p>Date limite de d\u00e9p\u00f4t : 1er novembre 2022<\/p>\n\n\n\n<p>Dans le cadre de son projet en itin\u00e9rance \u201cla mARTmite Nomade\u201d, l\u2019association des mARTmites lance un appel \u00e0 candidature pour un projet de r\u00e9sidence de cr\u00e9ation artistique dans le village de Mane situ\u00e9 dans les Alpes de Haute Provence.<br>En plein c\u0153ur d\u2019un territoire rural entre la montagne de Lure et le Luberon, le village de Mane compte 1300 habitants, un foyer d\u2019accueil m\u00e9dicalis\u00e9, une \u00e9cole communale de 4 classes, une cr\u00e8che et un centre m\u00e9dical. Mane est anim\u00e9 par des commerces, bars et restaurants et est dot\u00e9 d\u2019un riche patrimoine historique (Ch\u00e2teau de Sauvan, Pont Roman, Mus\u00e9e et jardins de Salagon\u2026).<br>La r\u00e9sidence est ouverte aux artistes pratiquant les arts vivants, les arts visuels, les pratiques sonores ou multim\u00e9dia. Le projet artistique devra \u00eatre men\u00e9 en lien avec les habitant.e.s et le tissu local \u00e0 travers une proposition participative, inclusive, singuli\u00e8re et in-situ.<br>Les artistes sont invit\u00e9.e.s \u00e0 appr\u00e9hender, re-sentir, d\u00e9tourner, habiter le village de Mane et \u00e0 engager une relation avec les habitant.e.s de celui-ci, dans la conception, la fabrication et la diffusion de l\u2019\u0153uvre. Les formes les plus contemporaines peuvent \u00eatre envisag\u00e9es mais doivent avant tout permettre une approche des arts par les habitant.e.s.<\/p>\n\n\n\n<p><strong>Date limite de d\u00e9p\u00f4t : 1 novembre<\/strong><\/p>\n\n\n\n<p>d\u00e9p\u00f4t et\/ou demande d\u2019informations suppl\u00e9mentaires par mail : martmites@gmail.com<\/p>\n\n\n\n<p>Le comit\u00e9 de s\u00e9lection se tiendra le 7 novembre<br><\/p>\n\n\n\n<p><strong>Dossier de candidature<\/strong><br>Le dossier de candidature doit \u00eatre r\u00e9dig\u00e9 en fran\u00e7ais et doit \u00eatre compos\u00e9 de :<br>\u2022 Un document PDF rassemblant :<\/p>\n\n\n\n<ul class=\"wp-block-list\">\n<li>une pr\u00e9sentation de l\u2019artiste (2 pages maximum)<\/li>\n\n\n\n<li>une pr\u00e9sentation g\u00e9n\u00e9rale du travail de l\u2019artiste (4 maximum)<\/li>\n\n\n\n<li>une note d\u2019intention concernant la cr\u00e9ation envisag\u00e9e pendant la r\u00e9sidence<\/li>\n\n\n\n<li>Un support pr\u00e9sentant le travail de l\u2019artiste : site web, portfolio, cr\u00e9ation vid\u00e9o ou sonore.<\/li>\n<\/ul>\n\n\n\n<p><strong>BOURSE DE CR\u00c9ATION<\/strong><br>Une bourse de 3000 TTC euros sera attribu\u00e9e \u00e0 la.e r\u00e9sident.e et devra couvrir l\u2019ensemble des frais de transport, de repas et de mat\u00e9riel.<br>L\u2019h\u00e9bergement sera mis \u00e0 disposition par l\u2019association chez l\u2019habitant dans le village. Les d\u00e9placements sur place sont \u00e9galement \u00e0 la charge de la.e r\u00e9sident.e, les r\u00e9seaux de transports en commun ne desservent pas toutes les communes du 04 ni les grands axes \u00e0 proximit\u00e9, si cela est n\u00e9cessaire au projet veuillez l\u2019indiquer dans la note d\u2019intention. L&rsquo;\u00e9quipe de la mARTmite Nomade sera mobilis\u00e9e pendant toute la dur\u00e9e de la r\u00e9sidence pour aider l\u2019artiste dans ses diff\u00e9rentes recherches et prises de contact, ainsi que pour concevoir et<br>organiser le moment de diffusion.<br>Possibilit\u00e9 de r\u00e9mun\u00e9ration directe via le GUSO et\/ou paiement sur facture. <\/p>\n\n\n\n<p><strong>Calendrier<\/strong><br>La r\u00e9sidence d\u2019une dur\u00e9e de 2 \u00e0 3 semaines hors vacances scolaires doit avoir lieu entre fin novembre 2022 et fin janvier 2023 , le calendrier sera d\u00e9fini en concertation avec l\u2019artiste et l\u2019\u00e9quipe des mARTmites.<br><\/p>\n\n\n\n<p><strong>D\u00e9roul\u00e9<br><\/strong>Temps de travail comprenant 50% consacr\u00e9 au temps de cr\u00e9ation et 50 % consacr\u00e9 aux \u00e9changes<br>et aux rencontres \u00e0 Mane<\/p>\n\n\n\n<p><strong>Restitution publique<\/strong><br>La restitution doit avoir lieu dans le village de Mane et se d\u00e9rouler en complicit\u00e9 avec les<br>habitant.e.s. id\u00e9alement en janvier 2023.<br>Pour les performances sonores ou les arts vivants, la dur\u00e9e minimum est de 20mn avec une jauge<br>pour une soixantaine de personnes \u00e0 l\u2019occasion d\u2019une ou plusieurs repr\u00e9sentations.<\/p>\n\n\n\n<p>Partenariats possibles avec d\u2019autres lieux culturels en fonction du projet artistique et<br>desdisponibilit\u00e9s des partenaires.<\/p>\n\n\n\n<p><strong>NOS PARTENAIRES<\/strong><br>Ludobrousse, R\u00eave de Brousse, Made in Vach\u00e8res, A dos d\u2019\u00e9l\u00e9phant \u00e0 Montjustin, Le Kf\u00e9 Quoi,<br>Le centre social La Cordeli\u00e8re de Forcalquier, Croq\u2019livres, La Maison de la Famille, Agate,<br>Armoise et Salamandre, Petits Chaudrons Grandes Oreilles, Le Local 04, Crefada, Le Rep\u2019air<br>des possibles \u00e0 Sigonce, l\u2019association des parents d\u2019\u00e9l\u00e8ves et la biblioth\u00e8que municipale de<br>Mane, Radio Zinzine et Longo ma\u00ef \u00e0 Limans \u2026<br>SONT PR\u00c9SENTS SUR LE TERRITOIRE<br>TH\u00c9\u00c2TRE DURANCE : https:\/\/www.theatredurance.fr\/<br>KF\u00c9 QUOI : https:\/\/www.le-kfe-quoi.com\/<br>MUS\u00c9E ET JARDINS DE SALAGON : https:\/\/www.musee-de-salagon.com<br>OBSERVATOIRE DE HAUTE PROVENCE : http:\/\/www.obs-hp.fr<\/p>\n","protected":false},"excerpt":{"rendered":"<p>La mARTmite Nomade 22-23 Rencontres spectaculaires en itin\u00e9rance dans les Alpesde Haute Provence APPEL \u00c0 CANDIDATURES Date limite de d\u00e9p\u00f4t : 1er novembre 2022 Dans le cadre de son projet en itin\u00e9rance \u201cla mARTmite Nomade\u201d, l\u2019association des mARTmites lance un appel \u00e0 candidature pour un projet de r\u00e9sidence de cr\u00e9ation artistique dans le village de [&hellip;]<\/p>\n","protected":false},"author":1,"featured_media":0,"parent":0,"menu_order":0,"comment_status":"closed","ping_status":"closed","template":"","meta":{"ngg_post_thumbnail":0,"_mc_calendar":[],"footnotes":""},"class_list":["post-18","page","type-page","status-publish","hentry"],"_links":{"self":[{"href":"http:\/\/lepennec.org\/martmites\/wordpress\/wp-json\/wp\/v2\/pages\/18","targetHints":{"allow":["GET"]}}],"collection":[{"href":"http:\/\/lepennec.org\/martmites\/wordpress\/wp-json\/wp\/v2\/pages"}],"about":[{"href":"http:\/\/lepennec.org\/martmites\/wordpress\/wp-json\/wp\/v2\/types\/page"}],"author":[{"embeddable":true,"href":"http:\/\/lepennec.org\/martmites\/wordpress\/wp-json\/wp\/v2\/users\/1"}],"replies":[{"embeddable":true,"href":"http:\/\/lepennec.org\/martmites\/wordpress\/wp-json\/wp\/v2\/comments?post=18"}],"version-history":[{"count":7,"href":"http:\/\/lepennec.org\/martmites\/wordpress\/wp-json\/wp\/v2\/pages\/18\/revisions"}],"predecessor-version":[{"id":576,"href":"http:\/\/lepennec.org\/martmites\/wordpress\/wp-json\/wp\/v2\/pages\/18\/revisions\/576"}],"wp:attachment":[{"href":"http:\/\/lepennec.org\/martmites\/wordpress\/wp-json\/wp\/v2\/media?parent=18"}],"curies":[{"name":"wp","href":"https:\/\/api.w.org\/{rel}","templated":true}]}}

Résidence de création artistique

<p><mark style="background-color:rgba(0, 0, 0, 0)" class="has-inline-color has-vivid-red-color"><strong>La mARTmite Nomade 22-23 </strong></mark></p>



<p>Rencontres spectaculaires en itinérance dans les Alpesde Haute Provence</p>



<p><strong>APPEL À CANDIDATURES</strong></p>



<p>Date limite de dépôt : 1er novembre 2022</p>



<p>Dans le cadre de son projet en itinérance “la mARTmite Nomade”, l’association des mARTmites lance un appel à candidature pour un projet de résidence de création artistique dans le village de Mane situé dans les Alpes de Haute Provence.<br>En plein cœur d’un territoire rural entre la montagne de Lure et le Luberon, le village de Mane compte 1300 habitants, un foyer d’accueil médicalisé, une école communale de 4 classes, une crèche et un centre médical. Mane est animé par des commerces, bars et restaurants et est doté d’un riche patrimoine historique (Château de Sauvan, Pont Roman, Musée et jardins de Salagon…).<br>La résidence est ouverte aux artistes pratiquant les arts vivants, les arts visuels, les pratiques sonores ou multimédia. Le projet artistique devra être mené en lien avec les habitant.e.s et le tissu local à travers une proposition participative, inclusive, singulière et in-situ.<br>Les artistes sont invité.e.s à appréhender, re-sentir, détourner, habiter le village de Mane et à engager une relation avec les habitant.e.s de celui-ci, dans la conception, la fabrication et la diffusion de l’œuvre. Les formes les plus contemporaines peuvent être envisagées mais doivent avant tout permettre une approche des arts par les habitant.e.s.</p>



<p><strong>Date limite de dépôt : 1 novembre</strong></p>



<p>dépôt et/ou demande d’informations supplémentaires par mail : martmites@gmail.com</p>



<p>Le comité de sélection se tiendra le 7 novembre<br></p>



<p><strong>Dossier de candidature</strong><br>Le dossier de candidature doit être rédigé en français et doit être composé de :<br>• Un document PDF rassemblant :</p>



<ul class="wp-block-list">
<li>une présentation de l’artiste (2 pages maximum)</li>



<li>une présentation générale du travail de l’artiste (4 maximum)</li>



<li>une note d’intention concernant la création envisagée pendant la résidence</li>



<li>Un support présentant le travail de l’artiste : site web, portfolio, création vidéo ou sonore.</li>
</ul>



<p><strong>BOURSE DE CRÉATION</strong><br>Une bourse de 3000 TTC euros sera attribuée à la.e résident.e et devra couvrir l’ensemble des frais de transport, de repas et de matériel.<br>L’hébergement sera mis à disposition par l’association chez l’habitant dans le village. Les déplacements sur place sont également à la charge de la.e résident.e, les réseaux de transports en commun ne desservent pas toutes les communes du 04 ni les grands axes à proximité, si cela est nécessaire au projet veuillez l’indiquer dans la note d’intention. L&rsquo;équipe de la mARTmite Nomade sera mobilisée pendant toute la durée de la résidence pour aider l’artiste dans ses différentes recherches et prises de contact, ainsi que pour concevoir et<br>organiser le moment de diffusion.<br>Possibilité de rémunération directe via le GUSO et/ou paiement sur facture. </p>



<p><strong>Calendrier</strong><br>La résidence d’une durée de 2 à 3 semaines hors vacances scolaires doit avoir lieu entre fin novembre 2022 et fin janvier 2023 , le calendrier sera défini en concertation avec l’artiste et l’équipe des mARTmites.<br></p>



<p><strong>Déroulé<br></strong>Temps de travail comprenant 50% consacré au temps de création et 50 % consacré aux échanges<br>et aux rencontres à Mane</p>



<p><strong>Restitution publique</strong><br>La restitution doit avoir lieu dans le village de Mane et se dérouler en complicité avec les<br>habitant.e.s. idéalement en janvier 2023.<br>Pour les performances sonores ou les arts vivants, la durée minimum est de 20mn avec une jauge<br>pour une soixantaine de personnes à l’occasion d’une ou plusieurs représentations.</p>



<p>Partenariats possibles avec d’autres lieux culturels en fonction du projet artistique et<br>desdisponibilités des partenaires.</p>



<p><strong>NOS PARTENAIRES</strong><br>Ludobrousse, Rêve de Brousse, Made in Vachères, A dos d’éléphant à Montjustin, Le Kfé Quoi,<br>Le centre social La Cordelière de Forcalquier, Croq’livres, La Maison de la Famille, Agate,<br>Armoise et Salamandre, Petits Chaudrons Grandes Oreilles, Le Local 04, Crefada, Le Rep’air<br>des possibles à Sigonce, l’association des parents d’élèves et la bibliothèque municipale de<br>Mane, Radio Zinzine et Longo maï à Limans …<br>SONT PRÉSENTS SUR LE TERRITOIRE<br>THÉÂTRE DURANCE : https://www.theatredurance.fr/<br>KFÉ QUOI : https://www.le-kfe-quoi.com/<br>MUSÉE ET JARDINS DE SALAGON : https://www.musee-de-salagon.com<br>OBSERVATOIRE DE HAUTE PROVENCE : http://www.obs-hp.fr</p>

<p>La mARTmite Nomade 22-23 Rencontres spectaculaires en itinérance dans les Alpesde Haute Provence APPEL À CANDIDATURES Date limite de dépôt : 1er novembre 2022 Dans le cadre de son projet en itinérance “la mARTmite Nomade”, l’association des mARTmites lance un appel à candidature pour un projet de résidence de création artistique dans le village de [&hellip;]</p>
