{"id":532,"date":"2023-02-09T07:17:47","date_gmt":"2023-02-09T06:17:47","guid":{"rendered":"http:\/\/lepennec.org\/martmites\/wordpress\/?page_id=532"},"modified":"2023-02-09T08:17:20","modified_gmt":"2023-02-09T07:17:20","slug":"youpi-cest-mardi","status":"publish","type":"page","link":"http:\/\/lepennec.org\/martmites\/wordpress\/youpi-cest-mardi\/","title":{"rendered":"Youpi c&rsquo;est mardi"},"content":{"rendered":"\nngg_shortcode_0_placeholder\n\n\n\n<p><strong>Du 27 FEV au 26 MAI 2023<\/strong><\/p>\n\n\n\n<p>Les beaux jours reviennent, retrouvez-nous tous les mardis au square de Mane de 16h30 \u00e0 18H<\/p>\n\n\n\n<p>Mardi 27 f\u00e9vrier et mardi 7 mars \u2013 Retrouvailles avec nos partenaires <em>Alpes aux jeux<\/em> et la <em>Biblioth\u00e8que de Mane<br><\/em>&nbsp;Profitez en pour prendre votre adh\u00e9sion 2023<\/p>\n\n\n\n<p>Mardi 14 mars &#8211; R\u00e9flexion&nbsp;collective autour du projet de r\u00e9am\u00e9nagement du jardin de la biblioth\u00e8que<\/p>\n\n\n\n<p>L&rsquo;animation du mardi 21 mars est report\u00e9e au&nbsp;VENDREDI 24 mars &#8211; 16h30 jeux et petite buvette , 18H30 spectacle \u00ab&nbsp;<em>Bien, reprenons<\/em>&nbsp;\u00bb du d\u00e9tachement international du Muerto Coco, le spectacle aura lieu dans le square si il fait beau ou dans la salle polyvalente -Adh\u00e9sion obligatoire &#8211;&nbsp;Tarif 8e ou 4e si vous habitez Mane<\/p>\n\n\n\n<p><br><strong>28 mars<\/strong> \u2013 Atelier de po\u00e9sie dans la Caravane biblioth\u00e8que la Serendipe<\/p>\n\n\n\n<p><strong>4 avril <\/strong>\u2013 Balade sensible et atypique de Mane et ses alentours avec Sarah Ouazzani artiste sonore et vid\u00e9aste<\/p>\n\n\n\n<p><strong>11 avril<\/strong> &#8211; Atelier beatbox avec Joos \u2013 sur inscription, Adh\u00e9sion obligatoire &#8211;&nbsp;Tarif atelier&nbsp;: 3e<\/p>\n\n\n\n<p><strong>2 mai<\/strong> \u2013 Rdv au square ou \u00e0 la bilioth\u00e8que pour les b\u00e9n\u00e9voles de l&rsquo;am\u00e9nagement du jardin<\/p>\n\n\n\n<p><strong>9 mai<\/strong> \u2013 Rdv au square ou \u00e0 la bilioth\u00e8que pour les b\u00e9n\u00e9voles de l&rsquo;am\u00e9nagement du jardin<\/p>\n\n\n\n<p>+ Repas partag\u00e9 d\u00e8s 18H : amenons quelque chose \u00e0 partager<\/p>\n\n\n\n<p><strong>16 mai<\/strong> &#8211; Atelier cirque avec la Lolycircus, Adh\u00e9sion obligatoire<\/p>\n\n\n\n<p><strong>23 mai<\/strong> &#8211; Atelier <em>Costumes<\/em> avant le grand bal des ardentes<\/p>\n\n\n\n<p><strong>vendredi 26 mai<\/strong> &#8211; Bal des Ardentes&nbsp;: Dancefloor th\u00e9rapeuthique et resistant&nbsp;!&nbsp;<\/p>\n","protected":false},"excerpt":{"rendered":"<p>Du 27 FEV au 26 MAI 2023 Les beaux jours reviennent, retrouvez-nous tous les mardis au square de Mane de 16h30 \u00e0 18H Mardi 27 f\u00e9vrier et mardi 7 mars \u2013 Retrouvailles avec nos partenaires Alpes aux jeux et la Biblioth\u00e8que de Mane&nbsp;Profitez en pour prendre votre adh\u00e9sion 2023 Mardi 14 mars &#8211; R\u00e9flexion&nbsp;collective autour [&hellip;]<\/p>\n","protected":false},"author":1,"featured_media":533,"parent":0,"menu_order":0,"comment_status":"closed","ping_status":"closed","template":"","meta":{"ngg_post_thumbnail":0,"_mc_calendar":[],"footnotes":""},"class_list":["post-532","page","type-page","status-publish","has-post-thumbnail","hentry"],"_links":{"self":[{"href":"http:\/\/lepennec.org\/martmites\/wordpress\/wp-json\/wp\/v2\/pages\/532","targetHints":{"allow":["GET"]}}],"collection":[{"href":"http:\/\/lepennec.org\/martmites\/wordpress\/wp-json\/wp\/v2\/pages"}],"about":[{"href":"http:\/\/lepennec.org\/martmites\/wordpress\/wp-json\/wp\/v2\/types\/page"}],"author":[{"embeddable":true,"href":"http:\/\/lepennec.org\/martmites\/wordpress\/wp-json\/wp\/v2\/users\/1"}],"replies":[{"embeddable":true,"href":"http:\/\/lepennec.org\/martmites\/wordpress\/wp-json\/wp\/v2\/comments?post=532"}],"version-history":[{"count":5,"href":"http:\/\/lepennec.org\/martmites\/wordpress\/wp-json\/wp\/v2\/pages\/532\/revisions"}],"predecessor-version":[{"id":562,"href":"http:\/\/lepennec.org\/martmites\/wordpress\/wp-json\/wp\/v2\/pages\/532\/revisions\/562"}],"wp:featuredmedia":[{"embeddable":true,"href":"http:\/\/lepennec.org\/martmites\/wordpress\/wp-json\/wp\/v2\/media\/533"}],"wp:attachment":[{"href":"http:\/\/lepennec.org\/martmites\/wordpress\/wp-json\/wp\/v2\/media?parent=532"}],"curies":[{"name":"wp","href":"https:\/\/api.w.org\/{rel}","templated":true}]}}

ngg_shortcode_0_placeholder



<p><strong>Du 27 FEV au 26 MAI 2023</strong></p>



<p>Les beaux jours reviennent, retrouvez-nous tous les mardis au square de Mane de 16h30 à 18H</p>



<p>Mardi 27 février et mardi 7 mars – Retrouvailles avec nos partenaires <em>Alpes aux jeux</em> et la <em>Bibliothèque de Mane<br></em>&nbsp;Profitez en pour prendre votre adhésion 2023</p>



<p>Mardi 14 mars &#8211; Réflexion&nbsp;collective autour du projet de réaménagement du jardin de la bibliothèque</p>



<p>L&rsquo;animation du mardi 21 mars est reportée au&nbsp;VENDREDI 24 mars &#8211; 16h30 jeux et petite buvette , 18H30 spectacle «&nbsp;<em>Bien, reprenons</em>&nbsp;» du détachement international du Muerto Coco, le spectacle aura lieu dans le square si il fait beau ou dans la salle polyvalente -Adhésion obligatoire &#8211;&nbsp;Tarif 8e ou 4e si vous habitez Mane</p>



<p><br><strong>28 mars</strong> – Atelier de poésie dans la Caravane bibliothèque la Serendipe</p>



<p><strong>4 avril </strong>– Balade sensible et atypique de Mane et ses alentours avec Sarah Ouazzani artiste sonore et vidéaste</p>



<p><strong>11 avril</strong> &#8211; Atelier beatbox avec Joos – sur inscription, Adhésion obligatoire &#8211;&nbsp;Tarif atelier&nbsp;: 3e</p>



<p><strong>2 mai</strong> – Rdv au square ou à la biliothèque pour les bénévoles de l&rsquo;aménagement du jardin</p>



<p><strong>9 mai</strong> – Rdv au square ou à la biliothèque pour les bénévoles de l&rsquo;aménagement du jardin</p>



<p>+ Repas partagé dès 18H : amenons quelque chose à partager</p>



<p><strong>16 mai</strong> &#8211; Atelier cirque avec la Lolycircus, Adhésion obligatoire</p>



<p><strong>23 mai</strong> &#8211; Atelier <em>Costumes</em> avant le grand bal des ardentes</p>



<p><strong>vendredi 26 mai</strong> &#8211; Bal des Ardentes&nbsp;: Dancefloor thérapeuthique et resistant&nbsp;!&nbsp;</p>

<p>Du 27 FEV au 26 MAI 2023 Les beaux jours reviennent, retrouvez-nous tous les mardis au square de Mane de 16h30 à 18H Mardi 27 février et mardi 7 mars – Retrouvailles avec nos partenaires Alpes aux jeux et la Bibliothèque de Mane&nbsp;Profitez en pour prendre votre adhésion 2023 Mardi 14 mars &#8211; Réflexion&nbsp;collective autour [&hellip;]</p>
