{"id":626,"date":"2023-02-09T15:26:49","date_gmt":"2023-02-09T14:26:49","guid":{"rendered":"https:\/\/lepennec.org\/martmites\/wordpress\/?page_id=626"},"modified":"2023-02-09T15:38:47","modified_gmt":"2023-02-09T14:38:47","slug":"les-festivals","status":"publish","type":"page","link":"http:\/\/lepennec.org\/martmites\/wordpress\/les-festivals\/","title":{"rendered":"Les festivals"},"content":{"rendered":"\n<p><strong>Les festivals agri-culturels proposent une programmation familiale et festive qui aborde les th\u00e8mes suivants : la cr\u00e9ation artistique in situ dans des lieux non-conventionnels, la po\u00e9tisation des gestes agricoles, l\u2019alimentation saine et consciente, les quotidiens et savoir-faire des agriculteurs, l\u2019interg\u00e9n\u00e9rationnel, le mieux vivre ensemble<\/strong><\/p>\n\n\n\n<hr class=\"wp-block-separator has-alpha-channel-opacity\"\/>\n\n\n\n<figure class=\"wp-block-image aligncenter size-full\"><img loading=\"lazy\" decoding=\"async\" width=\"343\" height=\"483\" src=\"https:\/\/lepennec.org\/martmites\/wordpress\/wp-content\/uploads\/2023\/02\/8645d0_32c23ca2f1d04d6b90e71a07f8c149b4mv2_d_2480_3496_s_4_2.webp\" alt=\"\" class=\"wp-image-627\" srcset=\"http:\/\/lepennec.org\/martmites\/wordpress\/wp-content\/uploads\/2023\/02\/8645d0_32c23ca2f1d04d6b90e71a07f8c149b4mv2_d_2480_3496_s_4_2.webp 343w, http:\/\/lepennec.org\/martmites\/wordpress\/wp-content\/uploads\/2023\/02\/8645d0_32c23ca2f1d04d6b90e71a07f8c149b4mv2_d_2480_3496_s_4_2-213x300.webp 213w\" sizes=\"auto, (max-width: 343px) 100vw, 343px\" \/><\/figure>\n\n\n\n<hr class=\"wp-block-separator has-alpha-channel-opacity\"\/>\n\n\n\n<p>\u200b<\/p>\n\n\n\n<p><strong>Les festivals, h\u00e9berg\u00e9s dans des fermes, donnent \u00e0 voir les recherches et partenariats men\u00e9s toute l\u2019ann\u00e9e sur le territoire : sorties de r\u00e9sidences d\u2019artistes dans les fermes, performances issues de la formation en cr\u00e9ation in situ \u201carts et environnements en milieu agricole\u201d, rendus d\u2019ateliers jeune public et aupr\u00e8s des personnes \u00e2g\u00e9es (documentaires sonores, vid\u00e9os, photos, d\u00e9monstrations).<\/strong><\/p>\n\n\n\n<p><br><strong>S\u2019ajoutent au programme de la journ\u00e9e, des activit\u00e9s et des propositions culturelles : ateliers p\u00e9dagogiques, spectacles, concerts, banquets paysans, visite de la ferme.<\/strong><\/p>\n\n\n\n<p><strong>Des \u201cRencontres Spectaculaires\u201d o\u00f9 sont invit\u00e9s : les familles, les associations, les partenaires, les artistes locaux, le r\u00e9seau d\u2019agriculteurs locaux, les membres de centres d\u2019accueil sp\u00e9cialis\u00e9, les personnes \u00e2g\u00e9es etc.<\/strong><\/p>\n\n\n\n<p><strong>Lors d\u2019un festival, nous accueillons un public durant 2 journ\u00e9es et 1 soir\u00e9e. En amont, des ateliers et immersions dans la ferme choisie sont organis\u00e9s pour construire la programmation (ateliers, performances, vid\u00e9os \u2026).<\/strong><\/p>\n\n\n\n<hr class=\"wp-block-separator has-alpha-channel-opacity\"\/>\n\n\n\n<h2 class=\"wp-block-heading\"><mark><mark style=\"background-color:#ffffff\" class=\"has-inline-color has-pale-pink-color\">\u00c9dition 2017<\/mark><\/mark><\/h2>\n\n\n\nngg_shortcode_0_placeholder\n\n\n\n<hr class=\"wp-block-separator has-alpha-channel-opacity\"\/>\n\n\n\n<h2 class=\"wp-block-heading\"><mark><mark style=\"background-color:#ffffff\" class=\"has-inline-color has-pale-pink-color\">\u00c9dition 2015<\/mark><\/mark><\/h2>\n\n\n\nngg_shortcode_1_placeholder\n","protected":false},"excerpt":{"rendered":"<p>Les festivals agri-culturels proposent une programmation familiale et festive qui aborde les th\u00e8mes suivants : la cr\u00e9ation artistique in situ dans des lieux non-conventionnels, la po\u00e9tisation des gestes agricoles, l\u2019alimentation saine et consciente, les quotidiens et savoir-faire des agriculteurs, l\u2019interg\u00e9n\u00e9rationnel, le mieux vivre ensemble \u200b Les festivals, h\u00e9berg\u00e9s dans des fermes, donnent \u00e0 voir les [&hellip;]<\/p>\n","protected":false},"author":1,"featured_media":0,"parent":0,"menu_order":0,"comment_status":"closed","ping_status":"closed","template":"","meta":{"ngg_post_thumbnail":0,"_mc_calendar":[],"footnotes":""},"class_list":["post-626","page","type-page","status-publish","hentry"],"_links":{"self":[{"href":"http:\/\/lepennec.org\/martmites\/wordpress\/wp-json\/wp\/v2\/pages\/626","targetHints":{"allow":["GET"]}}],"collection":[{"href":"http:\/\/lepennec.org\/martmites\/wordpress\/wp-json\/wp\/v2\/pages"}],"about":[{"href":"http:\/\/lepennec.org\/martmites\/wordpress\/wp-json\/wp\/v2\/types\/page"}],"author":[{"embeddable":true,"href":"http:\/\/lepennec.org\/martmites\/wordpress\/wp-json\/wp\/v2\/users\/1"}],"replies":[{"embeddable":true,"href":"http:\/\/lepennec.org\/martmites\/wordpress\/wp-json\/wp\/v2\/comments?post=626"}],"version-history":[{"count":6,"href":"http:\/\/lepennec.org\/martmites\/wordpress\/wp-json\/wp\/v2\/pages\/626\/revisions"}],"predecessor-version":[{"id":692,"href":"http:\/\/lepennec.org\/martmites\/wordpress\/wp-json\/wp\/v2\/pages\/626\/revisions\/692"}],"wp:attachment":[{"href":"http:\/\/lepennec.org\/martmites\/wordpress\/wp-json\/wp\/v2\/media?parent=626"}],"curies":[{"name":"wp","href":"https:\/\/api.w.org\/{rel}","templated":true}]}}

<p><strong>Les festivals agri-culturels proposent une programmation familiale et festive qui aborde les thèmes suivants : la création artistique in situ dans des lieux non-conventionnels, la poétisation des gestes agricoles, l’alimentation saine et consciente, les quotidiens et savoir-faire des agriculteurs, l’intergénérationnel, le mieux vivre ensemble</strong></p>



<hr class="wp-block-separator has-alpha-channel-opacity"/>



<figure class="wp-block-image aligncenter size-full"><img loading="lazy" decoding="async" width="343" height="483" src="https://lepennec.org/martmites/wordpress/wp-content/uploads/2023/02/8645d0_32c23ca2f1d04d6b90e71a07f8c149b4mv2_d_2480_3496_s_4_2.webp" alt="" class="wp-image-627" srcset="http://lepennec.org/martmites/wordpress/wp-content/uploads/2023/02/8645d0_32c23ca2f1d04d6b90e71a07f8c149b4mv2_d_2480_3496_s_4_2.webp 343w, http://lepennec.org/martmites/wordpress/wp-content/uploads/2023/02/8645d0_32c23ca2f1d04d6b90e71a07f8c149b4mv2_d_2480_3496_s_4_2-213x300.webp 213w" sizes="auto, (max-width: 343px) 100vw, 343px" /></figure>



<hr class="wp-block-separator has-alpha-channel-opacity"/>



<p>​</p>



<p><strong>Les festivals, hébergés dans des fermes, donnent à voir les recherches et partenariats menés toute l’année sur le territoire : sorties de résidences d’artistes dans les fermes, performances issues de la formation en création in situ “arts et environnements en milieu agricole”, rendus d’ateliers jeune public et auprès des personnes âgées (documentaires sonores, vidéos, photos, démonstrations).</strong></p>



<p><br><strong>S’ajoutent au programme de la journée, des activités et des propositions culturelles : ateliers pédagogiques, spectacles, concerts, banquets paysans, visite de la ferme.</strong></p>



<p><strong>Des “Rencontres Spectaculaires” où sont invités : les familles, les associations, les partenaires, les artistes locaux, le réseau d’agriculteurs locaux, les membres de centres d’accueil spécialisé, les personnes âgées etc.</strong></p>



<p><strong>Lors d’un festival, nous accueillons un public durant 2 journées et 1 soirée. En amont, des ateliers et immersions dans la ferme choisie sont organisés pour construire la programmation (ateliers, performances, vidéos …).</strong></p>



<hr class="wp-block-separator has-alpha-channel-opacity"/>



<h2 class="wp-block-heading"><mark><mark style="background-color:#ffffff" class="has-inline-color has-pale-pink-color">Édition 2017</mark></mark></h2>



ngg_shortcode_0_placeholder



<hr class="wp-block-separator has-alpha-channel-opacity"/>



<h2 class="wp-block-heading"><mark><mark style="background-color:#ffffff" class="has-inline-color has-pale-pink-color">Édition 2015</mark></mark></h2>



ngg_shortcode_1_placeholder

<p>Les festivals agri-culturels proposent une programmation familiale et festive qui aborde les thèmes suivants : la création artistique in situ dans des lieux non-conventionnels, la poétisation des gestes agricoles, l’alimentation saine et consciente, les quotidiens et savoir-faire des agriculteurs, l’intergénérationnel, le mieux vivre ensemble ​ Les festivals, hébergés dans des fermes, donnent à voir les [&hellip;]</p>
